inder when r(0) is divided by 13.
11
Let c = -3 + 1. Calculate the remainder when c/8 + 207/12 is divided by 9.
8
Suppose 0 = -v + 4*v - 27. Calculate the remainder when 33 is divided by v.
6
Suppose 5*w + 4*t = 3*w + 78, 0 = 5*w + t - 222. Suppose -w = d - 6*d. Calculate the remainder when 15 is divided by d.
6
Suppose 2*g - g = 2*b + 23, b = -2*g + 26. Suppose 1 = 2*t + g. Let x(j) = j**2 + 8*j + 9. What is the remainder when x(t) is divided by 1?
0
Suppose -5*g + 9 = -6. Calculate the remainder when 14 is divided by g.
2
Suppose 5*m = -12 + 27. Calculate the remainder when 7 is divided by m.
1
Let p = 12 - 47. Let a = -20 - p. What is the remainder when 44 is divided by a?
14
Let h = 18 - 13. Suppose -2*x = -3*y + 11, y - 10 + 4 = 3*x. Calculate the remainder when (4/(8/(-18)))/x is divided by h.
4
Suppose -5*c + 68 = -c. Calculate the remainder when c is divided by (-9)/(-2)*(-8)/(-6).
5
Suppose 0*l - 115 = -l. Suppose 4*x = 3*k - l, x = -k - k + 95. Calculate the remainder when k is divided by 16.
13
Suppose 3 = 3*n, -16 = 2*w - w + 2*n. Let z = w - -30. Calculate the remainder when z is divided by 7.
5
Suppose 5*o = -3*v - 2 - 23, -4*v = 20. What is the remainder when 20 is divided by (o/(-2))/(4/44)?
9
Suppose f - 90 = -3*u, 5*u - 3*u - 56 = -2*f. Suppose -14 = -4*c + 30. What is the remainder when u is divided by c?
9
Let q = -3 + 5. Suppose -q - 3 = -n. Suppose n*d - 3*s = 10, -d - 5*s - 1 = -3. Calculate the remainder when d is divided by 2.
0
Let o(u) = u**2 - 2. Let s be 1 + 6*1 + -1. Let b = 8 - s. Calculate the remainder when 3 is divided by o(b).
1
Suppose 0 = 39*z - 43*z + 32. Calculate the remainder when 29 is divided by z.
5
Let r = 196 + -38. What is the remainder when r is divided by 20?
18
Suppose -5*l + 28 = 4*s - 4, l = -2*s + 10. Calculate the remainder when 17 is divided by l.
1
Let i(v) = 3*v**3 + 19*v**2 - 3. Calculate the remainder when i(-6) is divided by 9.
6
Suppose -2*y - t + 4 = 0, 4*t - 9 - 7 = -2*y. Suppose y = -3*z + z. Suppose 3*q - 37 + 16 = z. Calculate the remainder when 19 is divided by q.
5
Suppose 0 = -3*w + 1 + 8. Suppose 0 = -w*h - 3*n + 45, -4*h + 4*n + 12 = -24. What is the remainder when 35 is divided by h?
11
What is the remainder when (-2 - -1)/(1/(-57)) is divided by ((-38)/4 - (0 - 2))*-2?
12
Let z(b) = 4*b - 4*b**2 - 2*b - 2 + b**3 + 3. Let a be z(3). Calculate the remainder when 16 is divided by (-28)/(-5) + a/(-5).
4
Let z(f) = -f**3 + 14*f**2 - 6*f - 24. What is the remainder when z(13) is divided by 17?
16
Let t(h) = -h**3 + 8*h**2 - 2*h - 10. Let c(m) = m**2 - 5*m - 7. What is the remainder when t(7) is divided by c(7)?
4
What is the remainder when 70 is divided by 0 - (-2 - -6) - -23*1?
13
What is the remainder when 59 + (-8)/4*1 is divided by 20?
17
Let g(p) = -p**3 + 16*p**2 + 16*p + 24. Let m(o) = -o + 7. Calculate the remainder when m(-6) is divided by g(17).
6
Suppose -3*s + 254 = 2*u, 4*s + 6*u - 348 = u. What is the remainder when s is divided by (-6)/(-2)*56/6?
26
Let s = -182 - -397. What is the remainder when s is divided by 54?
53
Let f = -24 - -15. Let z(h) = 2*h**3 - 11*h**2 + 7*h. What is the remainder when (f/(-4))/(1/8) is divided by z(5)?
8
Let s(o) = -o**2 + 7*o - 3. Let j be s(6). Suppose -3*h = -0 - j. Let l = 120 + -119. What is the remainder when h is divided by l?
0
Let z(r) = r**2 - 2*r + 1. Let f be z(-4). Suppose 5*c = 3*l - 79, -2*l - c - f = -3*l. Let j = -9 + l. Calculate the remainder when j is divided by 8.
6
Let z(x) = -2*x - 1. What is the remainder when (-115)/(-15) - (-2)/6 is divided by z(-2)?
2
Suppose -3*y = -2*f + 27, f - 2*y - 2 = 14. Suppose -3*v + v - 4*k + 16 = 0, 3*v + 4*k - 32 = 0. What is the remainder when v is divided by f?
4
Let g = -9 + 14. Calculate the remainder when g is divided by 4.
1
Let u(f) = -f**2 + 9*f. Let i be u(9). Suppose 5*x + 2*q - 3 = i, -2*x - x = 2*q - 1. Calculate the remainder when (-130)/(-6) + x/3 is divided by 6.
4
Suppose 0 = -5*f - 4*t + 293, 3*f + f - 4*t - 220 = 0. Suppose -5*p + 53 = -f. What is the remainder when 43 is divided by p?
21
Suppose -3*k + 163 = 2*u, -3*k = 5*u - 2*u - 246. Calculate the remainder when u is divided by 21.
20
Let b(j) = j**3 + 5*j**2 + 2*j - 4. Let u be b(-4). Suppose 0 = -2*m + 28 + u. What is the remainder when 62 is divided by m?
14
Let k = -11 + 14. Suppose k*c - c = -3*n + 14, 5*n + 6 = 4*c. Suppose -5*t - 84 = -v, -v = 2*v - n*t - 187. What is the remainder when v is divided by 15?
14
Let w(p) = 7*p**3 - 4*p**2 + 4*p - 1. Let y be w(3). Calculate the remainder when (y/(-6))/(2/(-3)) is divided by 21.
20
Suppose -4*t + 95 = t - 3*x, 4*t + 2*x - 54 = 0. What is the remainder when 92 is divided by t?
12
Suppose 0 = 3*w + k + 2*k - 57, w - 3*k = 3. What is the remainder when (-3)/(-6)*0 + 44 is divided by w?
14
Suppose -6*k + 2*k + y + 221 = 0, -2*y = -5*k + 280. What is the remainder when k is divided by 19?
16
Suppose 0 = -y + 3*d + 80, 5*y - 4*d - d - 370 = 0. Calculate the remainder when y is divided by 36.
35
Let j(o) = -o**2 + 3*o + 7. Calculate the remainder when 7 is divided by j(4).
1
Let q(y) = -y**3 - 4*y**2 - 2*y + 2. Let d = -5 - -4. Let b be (6/(-3))/(d/(-2)). Calculate the remainder when q(b) is divided by 6.
4
Let v(r) = r + 2. Let b(n) = -n**3 + 6*n**2 - 5*n + 4. Let z be b(5). What is the remainder when v(z) is divided by 4?
2
Suppose 5*f = 2*c + 30, 5*f + 2*c - 11 = -1. Suppose -f*d + 31 = 3*g, 2*g - 6 + 0 = d. What is the remainder when d is divided by 2?
0
Let k = 54 - 47. Calculate the remainder when 10 is divided by k.
3
Suppose -3*m - 40 = -5*m. What is the remainder when 77 is divided by m?
17
Let o = 9 - 6. Suppose -2*p = o*p - 75. Let b = p + 5. What is the remainder when b is divided by 7?
6
Let q = -1 + 7. Let p = 20 + q. Calculate the remainder when p is divided by 9.
8
Suppose -71*y + 58 = -69*y. What is the remainder when 98 is divided by y?
11
Let h(z) = -z**2 - 7*z + 1. Let p be h(-7). Suppose 3 = 4*c - p. Let i(s) = 17*s**2 + s. What is the remainder when i(c) is divided by 10?
8
Suppose 0 = -10*z + 6*z + 144. What is the remainder when 143 is divided by z?
35
Suppose -2*j = -5*j + 15. Let l be 2 - 9*7/(-1). Suppose 0*z + j*z - l = 0. Calculate the remainder when 25 is divided by z.
12
Let b = 63 - 45. What is the remainder when 50 is divided by b?
14
Suppose 4*h - 261 = -49. Let t(m) = -3*m**3 - 2*m**2 + 3*m - 3. Let j be t(2). Let f = j + h. What is the remainder when 70 is divided by f?
22
Suppose -3*b = -6*b + 9. Calculate the remainder when b is divided by (4 + 0)*(-3)/(-6).
1
Let f be 4/(4*4/(-8)). Let c = 1 - f. What is the remainder when 8 is divided by c?
2
Let p(k) be the second derivative of k**3/6 + 3*k**2/2 + 2*k. Calculate the remainder when (-107)/(-4) + (-4)/(-16) is divided by p(4).
6
Let q(h) = h**3 + 3*h**2 - 5*h - 3. What is the remainder when 36 is divided by q(-2)?
3
Let z = -76 + 145. What is the remainder when z is divided by 18?
15
Let u = -102 + 117. What is the remainder when 88 is divided by u?
13
Suppose 2*t - 4*l + 2 - 54 = 0, -t = -3*l - 29. Calculate the remainder when 58 is divided by t.
18
Suppose 0*d = -d + 1. What is the remainder when d - -35 - (8 - 5) is divided by 17?
16
What is the remainder when 101 is divided by (0 + 16/(-6))*2193/(-172)?
33
Let k = 15 - 3. Let d = 51 + -29. What is the remainder when d is divided by k?
10
Suppose 5*v + 2*l - 53 = 0, 0*v + 5*v - 5*l - 25 = 0. Let a(r) = r**2 - 4*r - 7. Let s be (4/(-4))/(1/(-6)). What is the remainder when v is divided by a(s)?
4
Suppose -3*x + 59 = -2*x. Calculate the remainder when x is divided by 10.
9
Suppose 5*u = 98 - 8. Let d(j) be the first derivative of j**4/4 + 2*j**3 + 3*j**2/2 + 2. What is the remainder when u is divided by d(-5)?
8
Let b = 23 - 6. What is the remainder when 67 is divided by b?
16
Let l(t) = 2*t**2 + 7*t + 4. Let q(n) = 13*n + 1. Let h be q(6). Suppose -v = 3*r - 21, h - 4 = 4*v + 3*r. What is the remainder when l(-6) is divided by v?
16
Let l(g) = -g + 22. Suppose -84 = c - 4*c - 5*v, v = c - 20. Calculate the remainder when c is divided by l(13).
5
Suppose g = -0*g. Suppose g = -0*v - 4*v + 76. What is the remainder when v is divided by 7?
5
What is the remainder when 29 is divided by (-4)/((-4)/(-24)*-3)?
5
Suppose -